e factors of 1256 + -6 - (-4 - -10) - 4?
2, 5, 31
Suppose 2*i + 1034 = 4*h, -2*i + 4*i - 10 = 0. What are the prime factors of h?
3, 29
Let b(z) = z**3 + 14*z**2 - 6*z + 29. Suppose 3*n = 3*l - 36, 5*n + 18 = 3*n + 5*l. List the prime factors of b(n).
113
Let w = 194 + 256. Suppose 3*n + 0*t - 3*t = w, -3*n + 454 = -t. What are the prime factors of n?
2, 19
What are the prime factors of (-110716)/(-40) + (306/60 - 5)?
2, 173
Let u(v) = 3*v**2 - v. Let w be u(-1). Let m be (-7)/(14/4) + w. Suppose -b + 147 = 4*s - m*b, -2*b + 10 = 0. What are the prime factors of s?
2, 19
Suppose 4*i = q + 7, -3*q = 4*i - 7 - 4. List the prime factors of -3 - (2/i + -42).
2, 19
Suppose 6*k - 15 = 3*k. Suppose -123 = 2*m - k*m. Let z = -22 + m. List the prime factors of z.
19
Suppose 0*v = v + 8. Let c be (-68)/v + (-1)/(-2). Suppose -h + 2*b = -c, -2*h - 8 = 3*b - 26. List the prime factors of h.
3
Suppose -5*g + 0*x + 3*x + 61 = 0, -g + 11 = -x. Let n be (-504)/12*(-96)/g. Suppose 0*y - 4*y = -n. List the prime factors of y.
2, 3
Let j = 0 + 13. Let p = j - 12. Let n(m) = 8*m**2 - m. What are the prime factors of n(p)?
7
Let x(a) = 34*a - 35. What are the prime factors of x(7)?
7, 29
Suppose 2*o + 47 = 5*o - 2*x, -4*o + x = -61. Suppose 4*u + o = 5*u. List the prime factors of u.
3, 5
Let f = 26 + -22. Suppose 408 = -f*c + m - 128, 4*m - 402 = 3*c. Let k = -89 - c. List the prime factors of k.
3, 5
Suppose 5*u + 803 = -15*y + 18*y, 2*y + 2*u = 530. What are the prime factors of y?
2, 7, 19
Suppose 0 = 2*d, -x = 4*d - 27 + 8. Suppose 0*q - 3*q = -2*v + x, 3*q - 16 = -5*v. What are the prime factors of 315/v - (-4)/(-2)?
61
What are the prime factors of 11/(99/14859) + 0?
13, 127
Let w(a) be the first derivative of a**2/2 - a + 2. Let i be w(3). Suppose -2*t = 3*v - 64, i*v - 2*t - 10 - 16 = 0. List the prime factors of v.
2, 3
Suppose -2*j - 5*g = -5206, 2*j + g = 3*j - 2596. What are the prime factors of j?
2, 3, 433
Let q = 2298 - -1300. List the prime factors of q.
2, 7, 257
Suppose 9*n - 5*n - 2019 = 5*u, -987 = -2*n - 5*u. What are the prime factors of n?
3, 167
Suppose 6*h - 4084 = 2*h. List the prime factors of h.
1021
Suppose 3*q = -5*c - 5, -11 = -4*c + 3*q + 12. Suppose -128 = c*j - 6*j. List the prime factors of j.
2
Let o be -3 + (2 - 0 - -4). Suppose -o*w + 62 = -2*g, 3*w - 4*g - 20 = 44. What are the prime factors of 2 - w/2*-2?
2, 11
Let k = 751 - 531. What are the prime factors of k?
2, 5, 11
Let n(v) = 5*v - 2 + 4*v**2 - 2 + 2 - v**3 - 3. Let s be n(5). What are the prime factors of (-1)/s - (-920)/25?
37
Suppose 3*l - 7 = -4. Let c be (1 - 2)*(l - 9). What are the prime factors of 188/c + 3/(-6)?
23
Let m = 17 + -13. Let h(v) = -6 - 4*v + 1 + m + v. What are the prime factors of h(-1)?
2
Suppose -3*d - 4 = -a + 4, -3*a = 3*d. Suppose o = j - 4*o - 14, -26 = -j + a*o. What are the prime factors of j?
2, 17
Let a = -121 + 2030. What are the prime factors of a?
23, 83
Let j(k) = -6*k**2 - 12*k + 12. Let d be j(-10). List the prime factors of 2/5 - d/5.
2, 47
What are the prime factors of ((-2)/(-8)*2)/(31/114638)?
43
Suppose 0 = 5*a - 2*r - 3265, -4*r = a + 2*a - 1959. List the prime factors of a.
653
Suppose 4*j = -0*j - 180. Let v = j - -19. What are the prime factors of (-4)/26 + (-134)/v?
5
Let b = -11 - 19. Let v = 33 + b. What are the prime factors of v?
3
Let d(y) = y**2 - 4. Suppose 0*k = -k + 5. Let f = -10 + k. List the prime factors of d(f).
3, 7
Suppose -5169 = -3*l - 4*x - 1739, -4*l - 2*x + 4590 = 0. List the prime factors of 2/8 - l/(-40).
29
Suppose 0 = 4*h - 3*q + 230, 5*h + 5*q + 0*q + 270 = 0. Let z be h/(-6) + (-2)/6. Suppose -4*w = -z + 1. List the prime factors of w.
2
What are the prime factors of (0 - (0 + (-5 - -5))) + 2509?
13, 193
Let l be 504/45 - 6 - 1/5. Suppose l*b = 0, 3*z - b - 483 = 4*b. What are the prime factors of z?
7, 23
Suppose -12 = 4*i - 7*i. Suppose -5*h = -i*h + y - 4, 0 = -h - 2*y + 7. List the prime factors of (1 + 3 + h)/1.
5
Suppose 19*l - 3*l - 80 = 0. Suppose -4*q - 2*u = -l*u - 1022, -q - 5*u + 267 = 0. List the prime factors of q.
257
Let n = -27 - -37. Let b = -33 + n. Let g = b - -50. List the prime factors of g.
3
Suppose 2*g - 10*g + 6256 = 0. List the prime factors of g.
2, 17, 23
Let s(h) = 3*h - 2*h + 0*h. Let p be s(-2). List the prime factors of 145/10 + (-1)/p.
3, 5
Let c(t) = -2*t**2 - 9*t + 5. Let h be c(6). Let x = 139 + h. What are the prime factors of x?
2, 3
Let p = 1232 + -849. List the prime factors of p.
383
Suppose -363 = -4*i - s + 415, -5*i + 981 = -3*s. Suppose -i = -4*p + 253. List the prime factors of ((-5)/4)/((-4)/p).
5, 7
Let d = -241 + 254. What are the prime factors of d?
13
Let j(o) = 2*o**2 - 8*o + 8. Suppose 2*l = -z + 4*z + 11, -3*z + 5 = 2*l. What are the prime factors of j(l)?
2
List the prime factors of ((-3915)/(-20))/(42/224).
2, 3, 29
Let s be (-44)/(-33) - 1/3. Let q be s/(1/(5 + -2)). Suppose -5*k + 87 = q*t, 70 = 4*k + 3*t - t. List the prime factors of k.
2, 3
Let i be (3 - 2)/((-1)/(-11)). Let q = i - -2. Let n = q + 3. List the prime factors of n.
2
Let x(u) = -8 + 10 + 2*u + 7 + u**2 - u**3. What are the prime factors of x(-4)?
3
Let a(z) = -z**3 + 2*z**2 + 30*z - 6. List the prime factors of a(-6).
2, 3, 17
Suppose 0 = -4*q + 129 - 337. Let j be -3*(-29)/(-6)*(-2 + 4). Let k = j - q. What are the prime factors of k?
23
Suppose 4*v = 6*v - 2, -2*v - 2 = -4*c. Let i be c/8 - (-7440)/(-128). Let a = -34 - i. What are the prime factors of a?
2, 3
Let j be (-1)/3 - 4/(-12). Let g be j - 4/(4/(-25)). Suppose 0 = -n - v - 2*v + g, -n + 5*v = -9. What are the prime factors of n?
19
Suppose -3*b + 4073 = 5*q, -b + 1317 = q - 42. What are the prime factors of b?
1361
Let q(o) = 37*o - 2. Let r = 85 - 83. What are the prime factors of q(r)?
2, 3
Let q(u) = 4*u - 1. Let d be q(1). Suppose -6 = -2*t, d*v + t - 18 = -0*t. Suppose 3*a - v = -3*f + 22, -5*a + 41 = 4*f. What are the prime factors of f?
2
Let l be 1/(-4) - 290/(-8). Suppose 5*p = -4*g + p + 76, -3*p = -g + 15. Let t = l - g. List the prime factors of t.
2, 3
Let r = 3485 + -2438. What are the prime factors of r?
3, 349
Let i(b) = 47*b + 1532. What are the prime factors of i(0)?
2, 383
Let f = 2449 - 1903. List the prime factors of f.
2, 3, 7, 13
Let f = 38 - -10. Let y(n) = -n**3 + 3*n**2 + 4*n + 2. Let v be y(5). Let g = f + v. List the prime factors of g.
2, 5
Suppose -135 - 264 = -w. Suppose -13*b + 6*b + w = 0. What are the prime factors of b?
3, 19
Let i(f) = f**3 + f**2 - f - 8. Let y be i(0). Let l = y - -21. List the prime factors of l.
13
Let k(c) = 3 + 38*c + 0 - 39*c. Let n be k(-11). Suppose -n = -2*h - 6, -4*h = -b + 13. What are the prime factors of b?
29
Suppose 0*o = -o + 78. Let h be 4/20 + o/10. Let c = h + 17. List the prime factors of c.
5
Let l(y) = -y + 19. Let o be l(5). Suppose 5*z - 5*i = 125, 3 = z + i - o. What are the prime factors of z?
3, 7
Suppose 30*c - 29*c - 1911 = 5*a, 3*c = -a + 5733. What are the prime factors of c?
3, 7, 13
Suppose 2*l + 3*l + p - 8 = 0, -3*l + 3*p + 12 = 0. Suppose 6*q - 8 = l*q. Suppose 0 = q*r + 2*r - 64. List the prime factors of r.
2
Suppose 92 = 25*v - 258. List the prime factors of v.
2, 7
Let p be 5 + (-15)/5 + 7. Suppose p*l - 515 = 187. List the prime factors of l.
2, 3, 13
Let p = 6 - 4. Let h be -2 - (-4)/6*-3. What are the prime factors of (116/(-8))/(p/h)?
29
Suppose -3*y - 2119 + 598 = -3*m, 0 = -4*m + 2*y + 2032. What are the prime factors of m?
509
Suppose 8*k - 839 = -o, 3*o = -k + 1124 + 1485. List the prime factors of o.
13, 67
Let x(h) = 15*h + 74. What are the prime factors of x(22)?
2, 101
Let h(i) = 2*i - 9. Let j be h(7). Suppose 0 = j*a - 5*x + 35, 2*a + a + 23 = x. Let b(z) = 2*z**2 + 8*z + 6. List the prime factors of b(a).
2, 5, 7
Let b = 56 + -53. Suppose -b*d + 49 = r, r + d - 43 = 6. What are the prime factors of r?
7
Let d(r) = -r**2 - 103*r - 8. What are the prime factors of d(-46)?
2, 1307
Suppose -2*q = -q + 4. Let y(v) = -9*v + 0 + 3*v - 5. List the prime factors of y(q).
19
Suppose -2*r = -2*h - 5 - 3, 0 = -2*r - 2*h + 20. Let i = 6 + r. Let c(z) = z**3 - 13*z**2 + 4*z - 2. What are the prime factors of c(i)?
2, 5
Let a(k) = k**2 + k. Suppose 0 = 3*u - 5*j - 21, u + 3*u + 5*j = -7. Suppose -3*v + u*v + 